 Suppose -160 = -11*u + 9*u. What is the greatest common divisor of u and r?
40
Suppose 7*y + 13 = 195. Suppose 10*v + y - 226 = 0. What is the highest common factor of v and 100?
20
Let q(i) = 3*i**3 + 4*i**2 - 2*i. Let l be q(1). Let b(a) = -2*a**2 + 15*a - 19. Let f be b(l). Calculate the greatest common factor of f and 27.
3
Let i(m) = -2*m**2 - 25*m + 7. Suppose 2*q - 5*t + 18 = 0, 0*q - 27 = 3*q - 5*t. Let d be i(q). What is the highest common divisor of 7 and d?
7
Let u be ((-144)/(-108))/((-4)/(-42)). Suppose -u*o - 8*o = -528. Calculate the greatest common factor of 8 and o.
8
Let x(u) = 4*u**2 + 1. Let r be x(4). Let q = 692 + 508. Let n = q - 1187. What is the greatest common divisor of r and n?
13
Let a be (5 - 7)*-10*(-9)/(-12). Calculate the greatest common factor of a and 120.
15
Let b be ((-21)/9)/((-107)/4173). What is the greatest common divisor of b and 13?
13
Suppose -5*h + 106 = -3*h + 4*n, 4*h + 5*n = 218. Let o = -53 + h. Suppose -3*j = 3*v + j - 16, 2*v - 4 = -4*j. What is the greatest common divisor of v and o?
4
Suppose -24*t + 319 = -171 - 14. What is the greatest common divisor of t and 2996?
7
Let o(q) = -5*q - 31. Let s be o(-12). Suppose -2*c + s - 167 = 0. Let a be c/6*-6 + 1. Calculate the highest common divisor of 7 and a.
7
Let x = 588 + -138. Suppose 0 = 6*t - 0*t - x. Let s be (-30)/4*(-1 + -3). What is the highest common factor of s and t?
15
Let u be -11 + 19 + (-16 - -5550). What is the greatest common factor of 34 and u?
34
Let c(w) = -5*w**2 - 121*w - 34. Let i be c(-23). Suppose 3*m - 3*b - 114 = 0, 10*b - 8*b - i = -3*m. What is the greatest common divisor of 468 and m?
36
Suppose -11*c + 2985 = 4*c. Let u be 4/16 + c/4. What is the greatest common factor of 2 and u?
2
Let k be 4/38 - (-26 + 1298/418). Suppose 2*o + q = 107, 0 = -4*q + 3 - 15. Let z = o + k. What is the greatest common divisor of z and 6?
6
Let g = -5494 - -5521. Calculate the highest common factor of g and 1602.
9
Let m be (24/16 + 0)*(-2470)/(-15). Calculate the highest common divisor of m and 871.
13
Suppose 4*z - 21 = 79. Let l = z + -74. Let h = l + 85. Calculate the greatest common factor of 24 and h.
12
Let j = 62 + -35. Suppose 0 = 2*k - 2*u - 588, -3*k + 2*k = 5*u - 312. Calculate the greatest common factor of j and k.
27
Let i(n) = -n**3 + 6*n**2 - 9*n + 19. Let w be i(4). Let h be (-5)/w*78/(-4)*16. Calculate the highest common factor of h and 26.
26
Let b(k) be the first derivative of k**4/4 - 7*k**3 + 47*k**2/2 - 66*k - 6. Let h be b(19). What is the greatest common factor of h and 15?
15
Suppose 0 = 5*g + 25, -g - 937 = 3*b - 7*b. Let q = 641 - b. Calculate the highest common divisor of q and 6.
6
Suppose 37*j - 2909 + 883 - 2386 = 3913. Suppose -2*q - 125 = -7*q. Calculate the highest common factor of j and q.
25
Let o(v) = v**3 + 2*v**2 + 4*v - 4. Let a be o(-2). Let t be (2 - -2) + a + 12. Let s = t + 17. What is the greatest common factor of 189 and s?
21
Let n = -4 + 148. Let z be n/14 - 14/49. What is the greatest common divisor of z and 730?
10
Suppose -3*k + 189 = -42. Let i = k + -67. Let v = -70 + 150. What is the highest common divisor of v and i?
10
Suppose 6402 = 7*z + 1110. Calculate the greatest common divisor of 2916 and z.
108
Suppose -748 = -183*m + 172*m. Let h = -36 - -87. What is the highest common factor of h and m?
17
Let z be (46/6 + -1)*42. Suppose z = 2*s + 3*s. Let y = -7 - -21. Calculate the highest common factor of y and s.
14
Let f = 14919 - 14823. Calculate the greatest common divisor of 111 and f.
3
Suppose -1016*t + 306 = 413 - 4171. Let h be 6/9 - 8/(-6). Suppose 146 = h*u - 2*i, 3*u - 264 = 4*i - 40. Calculate the greatest common factor of t and u.
4
Suppose -13 = -p + 32. Suppose 0 = -z + 6*u + 63, 67 - 37 = z + 5*u. Calculate the highest common divisor of p and z.
45
Let o = -87 - -120. Let u be -2*(o/(-6))/((-2)/4). Let a = u + 60. Calculate the highest common divisor of 95 and a.
19
Let w be -2 + 9 + -3 + (-7 - -620). Let b = 148 + w. Calculate the highest common divisor of 45 and b.
45
Suppose 17*c + 56*c - 5*c = 197472. Calculate the highest common factor of c and 16.
8
Suppose -k + 265 = -183. Let f(o) = 37*o**2 - 437*o - 56. Let i be f(12). Calculate the highest common factor of k and i.
28
Let t(i) = 70*i + 374. Let k be t(18). Calculate the highest common factor of 86 and k.
86
Let z = -7430 - -9044. What is the greatest common divisor of 18 and z?
6
Let k(d) = -d**2 - 13*d - 68. Let u be k(-27). Let h = u - -470. What is the highest common divisor of h and 24?
24
Suppose 9*b = -14*b + 18147. Suppose 0 = -4*w + b + 235. What is the greatest common factor of w and 32?
32
Suppose -14*w = -83168 + 15436. Calculate the greatest common divisor of 177 and w.
59
Suppose 0 = -12*x + 11*x + 9. Suppose x*l - 5*l = -m + 17, 2*l + 3*m = 21. Calculate the greatest common divisor of 11 and l.
1
Suppose 6*d = 40 - 4. Let p(n) = n**2 - 7*n + 13. Let x be p(d). Suppose -b + 135 = 4*k, b - 30 = 2*k - 3*k. What is the highest common factor of x and k?
7
Let n(t) = 84*t - 2. Let z be n(3). Let m = -12691 - -12701. What is the greatest common factor of m and z?
10
Suppose -9*s - s = -150. Let c be (-12)/(-16)*10/s*10. What is the greatest common factor of 5 and c?
5
Let r(n) = n**3 - 25*n**2 + 74*n - 113. Let u be r(22). Calculate the greatest common divisor of u and 1386.
63
Suppose -23*q + 27*q - 3492 = -u, -4*q = -2*u - 3492. Calculate the greatest common divisor of 27 and q.
9
Let v = -33 - -657. Let g be ((-1224)/510)/(4/10 + (-38)/80). What is the highest common factor of g and v?
16
Suppose 0 = 314*u + 223*u - 11814. What is the highest common factor of u and 35255?
11
Let r be 1065/4 - 6 - (-3)/(-12). Let c = 347 - r. Calculate the highest common divisor of c and 29.
29
Suppose -5*x = -5097 + 5077. What is the greatest common factor of x and 3?
1
Let b(v) = 37*v - 1302. Let s be b(39). Calculate the highest common factor of s and 1927.
47
Let q be 2 + 2208 + (-184)/8. Calculate the greatest common divisor of q and 99.
9
Let t(n) = n**3 + 2*n**2 + 18*n - 34. Let z be t(7). Calculate the greatest common factor of z and 328.
41
Suppose -4*w + 83 = g, 3*w + 5*g - 16 = 2*w. Calculate the highest common divisor of w and 2030.
7
Let a(y) = -6*y**3 - 7*y**2 + 18*y. Let p be a(3). Let c = p - -197. What is the greatest common divisor of 182 and c?
26
Let p(v) be the second derivative of 4*v**4 + 7*v**3/6 - v**2 - 53*v - 2. Let k be p(2). Calculate the greatest common divisor of 12 and k.
12
Let o be (-274295)/(-2856) - 1/24. What is the greatest common divisor of o and 332?
4
Suppose -3*g + 196 = -7*v + 10*v - v, -5*v + 85 = 0. Let j be (-1)/(-2) - 89/(-2). Calculate the greatest common factor of j and g.
9
Let j = 1244 + -1178. Calculate the greatest common divisor of 110 and j.
22
Let a be ((-184)/(-161))/(2/7). Suppose 3*o = 3*g - 351, 56*o - 59*o + 433 = a*g. What is the highest common divisor of 16 and g?
16
Let y(m) = -33*m - 324. Let k be y(-13). Calculate the greatest common divisor of k and 56.
7
Let k = 649 - 311. Let j = 348 - k. Calculate the greatest common divisor of 310 and j.
10
Let f = 3469 - 102. Calculate the greatest common factor of f and 13.
13
Let p(u) = u - 10. Let i(h) = 2*h - 4. Let z(a) = 2*i(a) - 3*p(a). Let s be z(-14). Calculate the greatest common divisor of s and 72.
8
Suppose 5 = 5*u - 5. Suppose 0 = -4*z - 9*p + 14*p + 342, 0 = z + 2*p - 79. Suppose -94*g = -z*g - 352. Calculate the greatest common factor of g and u.
2
Suppose w - 875 = -5*s, 54 - 427 = -2*s - 5*w. What is the highest common divisor of 126 and s?
6
Suppose -10*d + 41*d - 1302 = 0. Suppose -5*m - d = -2*q, 6 = q + 2*m + 3*m. What is the greatest common factor of q and 1264?
16
Suppose 2*n - 630 = -5*n. Suppose 26*r - n = 21*r. Let i(w) = 2*w**3 + 15*w**2 + 13*w - 3. Let f be i(-6). What is the greatest common factor of r and f?
9
Let l(g) = -15*g - 42. Let k be l(-5). Let c(d) = 3*d + 31. Let u be c(k). Calculate the highest common divisor of u and 5.
5
Let h = -4681 + 4834. Calculate the highest common factor of h and 102.
51
Let b be -3*((-2)/6 + 0) + 53. Suppose 13 = -7*f + 13. Suppose -3*g + 84 - 30 = f. Calculate the highest common divisor of g and b.
18
Suppose 0 = -4*b - 2*y + 750, -5*b